139581344?
False
Is 414 a factor of 914389585?
False
Is 15 a factor of 1858323615?
True
Is 3650 a factor of 1031095800?
True
Is 27 a factor of 1205226?
True
Is 43 a factor of 14906679?
False
Is 566761948 a multiple of 612?
False
Does 1625 divide 119032875?
True
Is 16 a factor of 52404061?
False
Is 252 a factor of 627802560?
True
Is 3038 a factor of 376340930?
False
Is 213 a factor of 390855?
True
Does 54 divide 1701578831?
False
Is 80 a factor of 34741581?
False
Is 7 a factor of 65458812?
False
Is 46636500 a multiple of 15?
True
Is 167 a factor of 12575607?
False
Is 402963000 a multiple of 825?
True
Does 44 divide 4050533520?
True
Is 135857750 a multiple of 350?
True
Is 158 a factor of 419411000?
True
Is 4776 a factor of 1055830395?
False
Is 58066439 a multiple of 42?
False
Is 108644884 a multiple of 4612?
True
Is 1810676059 a multiple of 165?
False
Is 50 a factor of 1590787?
False
Is 68977615 a multiple of 73?
False
Is 79394419 a multiple of 13?
True
Does 123 divide 624155670?
False
Is 3534585120 a multiple of 12?
True
Does 2453 divide 139460020?
False
Is 14 a factor of 30530701?
False
Is 57 a factor of 95067694?
False
Is 277042626 a multiple of 1393?
True
Is 542 a factor of 152683520?
False
Is 91549544 a multiple of 97?
False
Is 94752686 a multiple of 322?
True
Does 25 divide 755098875?
True
Is 770051 a multiple of 8?
False
Is 267736714 a multiple of 133?
True
Is 790588353 a multiple of 746?
False
Is 10270176 a multiple of 7?
True
Is 8301067057 a multiple of 15?
False
Does 15 divide 280322865?
True
Is 3 a factor of 1145886621?
True
Is 137174168 a multiple of 4?
True
Does 755 divide 63652540?
True
Is 2098 a factor of 95146041?
False
Does 3 divide 167447248?
False
Is 71 a factor of 19544115?
False
Is 6 a factor of 1385298762?
True
Is 43939466 a multiple of 58?
True
Does 2996 divide 144913524?
True
Is 36636421 a multiple of 75?
False
Is 37147874 a multiple of 16?
False
Does 386 divide 596154452?
False
Is 161091729 a multiple of 15?
False
Does 12 divide 9673441?
False
Is 779648480 a multiple of 86?
True
Is 3713979 a multiple of 29?
False
Does 2 divide 134767033?
False
Is 98408900 a multiple of 25?
True
Does 675 divide 80929251?
False
Is 611783244 a multiple of 1203?
True
Is 12041193 a multiple of 10?
False
Does 77 divide 810923553?
False
Is 4 a factor of 189574042?
False
Is 239328205 a multiple of 4?
False
Does 80 divide 96357520?
True
Is 7739305 a multiple of 7?
True
Is 230970 a multiple of 30?
True
Is 53838783 a multiple of 11?
False
Does 6977 divide 327135102?
False
Is 62 a factor of 11163348?
True
Is 85896297 a multiple of 8?
False
Is 544 a factor of 98029997?
False
Does 1974 divide 210285584?
False
Does 21 divide 11220930?
True
Does 347 divide 30973165?
False
Is 15 a factor of 298914857?
False
Is 161 a factor of 18169494?
True
Is 612 a factor of 28498353?
False
Is 515 a factor of 2706798800?
True
Does 7 divide 1396077800?
False
Is 13004862 a multiple of 137?
True
Is 101617320 a multiple of 306?
False
Is 173745 a multiple of 117?
True
Is 11 a factor of 345889329?
False
Does 113 divide 279203225?
True
Is 796 a factor of 30577598?
False
Does 69 divide 2022508?
False
Is 670909 a multiple of 2?
False
Does 1887 divide 52203855?
True
Is 8096891 a multiple of 62?
False
Is 17 a factor of 59715234?
False
Is 2655 a factor of 295982458?
False
Does 2765 divide 631418165?
True
Does 569 divide 31947971?
False
Is 1109 a factor of 24770036?
False
Is 64335699 a multiple of 17?
False
Is 218 a factor of 7354230?
True
Is 13 a factor of 186737044?
True
Is 89 a factor of 2387158?
True
Is 26334 a multiple of 5?
False
Is 282477404 a multiple of 586?
False
Is 201671365 a multiple of 2155?
True
Does 5409 divide 994249926?
True
Is 6096920 a multiple of 3?
False
Is 137719728 a multiple of 1812?
False
Is 727 a factor of 36124630?
True
Does 3562 divide 1909509836?
True
Is 53 a factor of 120993488?
True
Is 998 a factor of 130790894?
True
Does 28 divide 600209373?
False
Is 2 a factor of 173071901?
False
Is 3038939116 a multiple of 5539?
True
Is 25498572 a multiple of 3099?
True
Is 349 a factor of 101041207?
False
Is 15 a factor of 6495120?
True
Is 6817412 a multiple of 3?
False
Does 601 divide 52934723?
False
Does 151 divide 65595608?
True
Does 1002 divide 133981301?
False
Is 530701034 a multiple of 142?
False
Does 7534 divide 4303957889?
False
Is 23489388 a multiple of 58?
False
Is 20352192 a multiple of 228?
True
Is 383476033 a multiple of 79?
True
Does 3338 divide 586760316?
True
Is 22119966 a multiple of 3?
True
Is 45 a factor of 3624686?
False
Does 861 divide 2174607897?
True
Does 787 divide 29126869?
False
Is 5851961 a multiple of 2?
False
Is 2290527 a multiple of 89?
False
Does 21 divide 25268198?
False
Is 1900 a factor of 267083050?
False
Is 56 a factor of 218726435?
False
Does 2399 divide 23219921?
True
Is 23004440 a multiple of 8?
True
Is 27193629 a multiple of 14?
False
Is 34975085 a multiple of 90?
False
Is 134434833 a multiple of 22?
False
Is 65663018 a multiple of 33?
False
Does 1260 divide 63316260?
True
Is 16 a factor of 16337565?
False
Does 7 divide 7161875?
True
Does 1153 divide 3831499970?
False
Is 11964 a factor of 462635916?
True
Is 2498 a factor of 562017292?
False
Does 4 divide 3775836?
True
Is 1372 a factor of 26037816?
True
Is 2809101600 a multiple of 160?
True
Does 2481 divide 167714987?
False
Does 1848 divide 74372867?
False
Does 5908 divide 327953080?
True
Is 2526 a factor of 6264480?
True
Does 149 divide 16736127?
True
Is 519 a factor of 7215224673?
True
Is 21732336 a multiple of 9?
True
Is 91959352 a multiple of 2204?
False
Does 9 divide 798444?
True
Does 21 divide 1788541575?
False
Does 28 divide 341136033?
False
Does 112 divide 141122240?
True
Is 1031 a factor of 588036005?
True
Does 50 divide 21622700?
True
Does 5303 divide 40769464?
True
Is 27459481 a multiple of 469?
True
Is 19194809 a multiple of 4?
False
Is 598 a factor of 44260372?
True
Is 16 a factor of 22446400?
True
Is 71941472 a multiple of 32?
True
Is 213716957 a multiple of 6?
False
Does 3 divide 356240234?
False
Is 215 a factor of 1709376635?
True
Is 2581 a factor of 16875488?
False
Is 50830520 a multiple of 4?
True
Is 396738404 a multiple of 609?
False
Does 242 divide 342505020?
True
Is 28103504 a multiple of 121?
False
Is 573391756 a multiple of 29?
False
Is 1964150 a multiple of 18?
False
Does 95 divide 101024653?
False
Does 15 divide 510481166?
False
Is 386261123 a multiple of 1881?
False
Does 175 divide 501999464?
False
Does 43 divide 63078252?
False
Does 2299 divide 262035422?
True
Is 1108621112 a multiple of 5113?
True
Is 129 a factor of 1718761944?
True
Does 141 divide 2168701103?
False
Is 36459420 a multiple of 30?
True
Is 8765829 a multiple of 477?
True
Is 5794 a factor of 785973482?
True
Is 250 a factor of 7075500?
True
Is 2776932114 a multiple of 649?
True
Is 298 a factor of 35320067?
False
Is 26820952 a multiple of 31?
True
Does 120 divide 769620360?
True
Does 970 divide 277795662?
False
Does 987 divide 287091612?
False
Is 68 a factor of 21250062?
False
Is 21 a factor of 1734758899?
False
Does 344 divide 186221992?
True
Does 4 divide 3381565?
False
Is 12 a factor of 1985864235?
False
Is 28 a factor of 2785673800?
True
Does 27 divide 800883086?
False
Is 10828013 a multiple of 679?
True
Is 10683035 a multiple of 7?
False
Is 333553107 a multiple of 2967?
True
Is 5 a factor of 612836512?
False
Does 109 divide 24687628?
True
Does 61 divide 396139476?
False
Does 30 divide 2935185900?
True
Does 7769 divide 2009458522?
False
Is 192855809 a multiple of 71?
True
Does 467 divide 18631432?
True
Is 4 a factor of 335583650?
False
Is 43 a factor of 290336645?
True
Is 4143 a factor of 285282837?
True
Does 72 divide 12430717?
False
Is 3 a factor of 1025447682?
True
Is 1496354 a multiple of 146?
True
Does 86 divide 51977774?
False
Is 9928093 a multiple of 37?
False
Is 141790400 a multiple of 368?
True
Does 55 divide 4746170?
True
Is 1923 a factor of 852896652?
True
Is 566546937 a multiple of 33?
True
Does 26 divide 105174299?
False
Is 772 a factor of 237942960?
False
Is 75 a factor of 159893100?
True
Is 383933499 a multiple of 227?
True
Does 4211 divide 1298620281?
False
Is 16 a factor of 75077596?
False
Is 28 a factor of 122746110?
False
Is 426992114 a multiple of 1321?
True
Is